) = 6*y(d) + z(d). What is n(-2)?
0
Let h(y) be the first derivative of y**3 - 21*y**2/2 - 5*y + 203. What is h(7)?
-5
Let w(j) = -j**3 - 3*j**2 - 5*j + 5. Let q(o) = 4*o**3 + 11*o**2 + 18*o - 18. Let i(k) = 6*q(k) + 23*w(k). Give i(4).
-5
Let p(v) = -5*v**2 + 7. Let t(f) be the second derivative of 11*f**4/12 + f**3/6 - 7*f**2 - f. Let m(x) = 9*p(x) + 4*t(x). Determine m(6).
-5
Let v(c) = -c**3 + 5*c**2 + 26*c - 10. Let t be v(8). Let f(r) = -8*r + 14. Determine f(t).
-34
Let k(c) be the third derivative of c**5/60 - 17*c**4/24 + 5*c**3 - 632*c**2. Calculate k(14).
-12
Suppose -4*m = -2*w - 2*m + 168, -w - 3*m + 72 = 0. Let r = -87 + w. Let t(a) = -3*a + 7. Give t(r).
25
Let i(z) be the first derivative of -z**5/60 - z**4/24 + z**3/3 + z**2 + 13*z - 22. Let s(w) be the second derivative of i(w). What is s(0)?
2
Let q(p) be the third derivative of p**6/120 + p**5/30 - 5*p**4/24 - p**3/3 - 4*p**2. Let u(x) = -2*x**3 - 1. Let s be u(1). What is q(s)?
4
Let w(a) = -a + 4. Suppose 2*r - 3*q = 11, -5*q = 5*r - r - 33. Let m be (4 + 1 - r)*(-10)/4. Determine w(m).
-1
Let w(p) = -4*p - 18. Let r(z) = -8*z - 41. Let o(k) = 4*r(k) - 7*w(k). What is o(-8)?
-6
Let t(d) = d**3 + 5*d**2 + 6*d - 6. Let j be t(-2). Let p(g) = g**2 + 7*g - 6. Calculate p(j).
-12
Let x(r) = -r**2 + 1 - 4*r + 4*r. Suppose -4*k + 12 = 4*g, 5*k - 10*g - 11 = -11*g. Give x(k).
-3
Let i(z) = -5*z + 2. Suppose -30 = -3*t - 4*o - 10, 3*t = -5*o + 22. What is i(t)?
-18
Let h(a) = a - 2. Let q be (-6)/(-45) + 5410/(-75). Let o be 70/9 - 1*16/q. Determine h(o).
6
Let c(v) = v**3 - 4*v**2 - v - 7. Let q be 2/7 - 132/(-28). Calculate c(q).
13
Let m(v) be the first derivative of -7/2*v**2 + 2*v - 18 + 1/3*v**3. Give m(7).
2
Let q(f) = f**2 + f - 1. Let c(o) = 0*o - 1 + 2*o + 1 + 3. Let d be c(-1). Calculate q(d).
1
Let o be ((-3)/9)/(2/(-42)). Suppose 5*r + o = -23. Let k be (12/9)/((-4)/r). Let x(f) = 4*f + 1. What is x(k)?
9
Let p(g) = g**2 + 4*g + 5. Let r be 2/(1 - -1) + -1. Suppose r = -9*z - 16 - 20. Give p(z).
5
Let u(k) be the second derivative of k**6/240 + 7*k**4/12 + 15*k. Let w(m) be the third derivative of u(m). Determine w(-3).
-9
Let c(x) = x - 4. Let o(s) = 2*s**2 + 13*s - 1. Let u be o(-7). Suppose -p + 5*p - 20 = 0. Suppose -3*k - 2*h = -2, -p*k + h + 5 = u*h. What is c(k)?
-4
Let g = 84 + -76. Let m(p) = -4 + p - g + 0. Suppose 0*d - d = -5. Give m(d).
-7
Let b(f) = -f**2 + f - 1. Let q(g) = 8*g**2 + 17*g - 4. Let l(d) = -6*b(d) - q(d). Determine l(-12).
-2
Let g(m) = 2*m + 1. Let u(s) = s**2 - 6*s - 15. Let a(q) = -3*g(q) - u(q). Calculate a(5).
-13
Suppose 0 = -v + 5*u - 3, -7 = -v + 2*u + 2. Let y(p) = -p + 20. Let h be y(v). Let j(c) = c - 6. Give j(h).
-3
Let u = 124 - 125. Let b(p) = -4*p - 1 + 4*p + p**3. Let c be b(u). Let a(j) = -j. Give a(c).
2
Suppose -3*y = -2*f + 6*f + 9, f - 4 = -2*y. Let a = -227 + 249. Let l(p) = -a*p - 9 + 11*p + 10*p. What is l(f)?
-3
Let u(p) be the second derivative of 0*p**3 - 9/20*p**5 + 0 - 2*p + 1/2*p**2 - 1/12*p**4. What is u(-1)?
9
Let a be (30/(-9))/(3*3/27). Let q be 28/(-8) + (-5)/a. Let n(g) = -g - 4*g + 4 + 4*g. Calculate n(q).
7
Let b(t) = 3 + t - 6*t + 2*t. Let r = 15 + -13. Suppose -3*s + 3*f = 3 - 15, -s - 2*f = r. Calculate b(s).
-3
Let q(k) = 5*k**2 + 11*k + 6. Let r(p) = -p**2 - p - 1. Let f(z) = q(z) + 6*r(z). Suppose -t - 3 = -2*t. Calculate f(t).
6
Let p(x) = 6*x + 3. Let z(t) = 17*t + 7. Let u(o) = 11*p(o) - 4*z(o). What is u(5)?
-5
Let t = -1 - -7. Let r(a) be the third derivative of -1/120*a**6 + 1/10*a**5 + 0 - 1/24*a**4 - 1/6*a**3 + 0*a - 2*a**2. What is r(t)?
-7
Suppose 0*i + 3*i - 9 = 0. Let w(a) be the third derivative of -a**6/360 - a**5/30 - 5*a**4/6 - 21*a**2. Let f(s) be the second derivative of w(s). Give f(i).
-10
Let m(p) be the third derivative of p**4/24 - 4*p**3/3 - 122*p**2. Let x = 21 + -15. Let t be m(x). Let b(i) = -i**2 - i - 1. Give b(t).
-3
Let y = -9 - -9. Let h = y - -4. Let l(o) = -2 - 1 + o**2 + h - 4. Calculate l(-3).
6
Let v = 82 - 77. Let p(y) = y - y + y - 3 + v. Give p(-8).
-6
Suppose -3 = v - 7. Suppose x = -5, -3*x + 5 = -2*c - 0*x. Let o be 24/(-16) + c/v. Let q(s) = s**2 + 5*s - 2. Give q(o).
-6
Let h(p) = -8*p + 12. Let q be h(4). Let d = q - -24. Suppose d*l + 4 = -2*i, -4*l = -i + 28 - 6. Let x(s) = s**2 - 7*s + 1. Give x(i).
-5
Let w(q) = -3*q**2 - 9*q**2 - 3*q + 4*q**2 - 213*q**3 + 9 - q + 214*q**3. Determine w(8).
-23
Let j(u) = -7*u + 4 - 2*u**2 + 22*u + 8*u - 9. Calculate j(11).
6
Let v(b) = 11*b - 1 + 2 + 14*b - 26*b. Calculate v(6).
-5
Let v(g) = 10*g**2 + g**3 + 0 + 10*g**2 - 13*g**2 + 6*g + 7. Suppose -6*o + o + 10 = 0. Suppose -o*c + 2 - 14 = 0. Calculate v(c).
7
Let t(v) = v - 3*v**2 - 7*v**2 - 17*v**2 - 8*v**2 - 10 + 37*v**2. Calculate t(0).
-10
Suppose -9*n + 98718 - 98763 = 0. Let u(v) = v**2 + v - 4. Let x = -6 + 11. Let k(o) = -o**2 - o + 3. Let f(w) = x*u(w) + 6*k(w). What is f(n)?
-22
Let d(z) be the third derivative of -z**4/8 - 2*z**2. Let l = -267 + 268. Calculate d(l).
-3
Let b(c) = 2*c - 839 + 837 - c. Determine b(-5).
-7
Suppose 0 = -19*h - 16*h - 35. Let a(p) = -p**2 - 2*p. What is a(h)?
1
Let y(d) = -35*d - 34*d + 70*d + 4. Let x(l) = -2*l - 12. Let c be x(-7). Suppose i - 13 = c*w + 3*w, -w - 17 = -5*i. Give y(i).
7
Let b(g) = 4*g**2 + 9*g - 4. Let r(z) = -z**2 - 3*z + 1. Let u(n) = 2*b(n) + 7*r(n). Let h be 1 + (3 - 1)*-7. Let y = 16 + h. Determine u(y).
-1
Let g(a) = -9*a - 3. Let w(y) = -13*y - 3. Let t(c) = c. Let d(f) = 5*t(f) + w(f). Let j(h) = -4*d(h) + 3*g(h). Calculate j(-3).
-12
Let w(p) be the first derivative of -2*p**3/3 - p**2/2 - 2. Suppose -10 + 2 = a - 2*y, 4*a - 4*y + 44 = 0. Let k = a - -11. Give w(k).
-15
Suppose f = 3 - 9. Let o(u) = -u**2 - 7*u - 6. Calculate o(f).
0
Let u(x) = x**2 - x - 8. Let t(m) = -4*m - 2. Let c be t(-5). Let a be (-15)/20 - c/8. Let r be a/(-6)*(3 + -3). What is u(r)?
-8
Let l(j) be the first derivative of -j**3/3 + j**2/2 + 2*j - 93. Suppose -2*r - 10 = -7*r. What is l(r)?
0
Suppose -20 = 32*z - 37*z. Let b(u) = u + z + 2 + 0. Calculate b(-5).
1
Let l(s) = -3*s**2 - 19*s - 1. Suppose -3*y - 2*y - 20 = 0. Let c(t) = t**2 + 6*t. Let o(i) = y*l(i) - 11*c(i). Determine o(-9).
-5
Let l(u) be the third derivative of u**5/60 + u**4/8 - 7*u**3/6 + 2*u**2 - 6. Give l(-5).
3
Let u(a) = -a**3 - 10*a**2 - 5*a + 44. Let d be u(-9). Let z(l) = -3*l + 22. Let x be z(d). Let h(i) = i**2 - 1 - i - 3*i**2 + 3*i**2. Give h(x).
5
Let k(z) = 5*z - 8. Let t(q) = -2*q**3 - 2*q**2 + 12*q + 22. Let u be t(-2). Calculate k(u).
22
Suppose -3*q + q - 12 = 0. Let a(m) be the second derivative of m**3/2 + 7*m**2/2 + 861*m. Calculate a(q).
-11
Let v(q) = -15*q - 7 + 28 - 14 - 2*q + q**2. Give v(17).
7
Let x(m) be the third derivative of m**6/120 + m**5/5 + 11*m**4/24 + m**3/2 + 163*m**2 + 2. Give x(-11).
3
Let l(a) = -a**3 + 6*a**2 + 6*a - 9. Let j(x) = -2*x**2 + 38*x - 30. Let o be j(18). What is l(o)?
27
Let d(v) = v**2 - 6*v - 2. Let g be (1*-2)/((-14)/(-56)). Let r be -2*1/(4/g). Determine d(r).
-10
Let t be 8*(-6)/8*12/(-18). Let p(h) = 2*h - h**2 - 2*h**2 - 2 + 4*h**2. What is p(t)?
22
Let c(v) = v**3 + 8*v**2 - 3*v + 6. Suppose 4*d = f + 1, f - 3*f - 2*d - 22 = 0. Determine c(f).
-48
Let j be 3*1 - 13/(104/(-32)). Let h(t) = -2*t + 7. What is h(j)?
-7
Let h(k) = k**2 - 6*k + 1. Let r be h(5). Let x(d) = -7505 + d + 7505 + 0*d. What is x(r)?
-4
Suppose 5*y - 22 = 3. Let x be (-183)/(-12) - (-1)/(-4). Suppose 5*z - 4*t - x = 0, -3*z + 4 = -t - y. Let b(a) = 2*a**2 - a - 3. Calculate b(z).
12
Let l(o) = 7*o**3 + 7*o**2 + 3*o - 5. Let u(p) = 11*p**3 + 11*p**2 + 5*p - 8. Let f(r) = 8*l(r) - 5*u(r). Calculate f(2).
10
Let i(a) = -a**2 - 3*a + 55. Let h be i(-9). Let w(z) = 3*z - 3. Let b(g) = -2*g + 2. Let t(f) = -4*b(f) - 3*w(f). What is t(h)?
0
Let g(d) = d - 7. Let i = 16 + -13. Suppose 40 = 5*l + k, i*l = -3*k + 16 + 8. What is g(l)?
1
Let m(i) be the first derivative of 6*i + 7/2*i**2 - 21 + 1/3*i**3. Let o = 0 + -7. Determine m(o).
6
Let p be 576/10 - 4/(-10). Suppose 0*o - 3*o = -5*i + p, o - 18 = -i. Suppose 6 - i = -4*g. Let x(d) = d**3 - 2*d + 3. Give x(g).
7
Let h(s) = -s**3. Let y = -132 - -132. Give h(y).
0
Let q = -582 - -579. Let t(z) = z**3 + 3*z**2 - 2*z + 5. Calculate t(q).
11
Let t(g) = -29*g + 150. Let r b